 = -3*y**2 - 6*y + 4. Let v(n) = -2*n**2 - 5*n + 3. Let p(h) = -4*k(h) + 5*v(h). What is p(i)?
2
Let t(d) be the second derivative of 0 - 224*d - 2*d**3 - 3/2*d**2. Determine t(-1).
9
Let r(w) = w**2 + 4*w - 5. Let n be r(-5). Let j(h) be the first derivative of -h**4/4 - h**3/3 + h**2/2 + 12*h - 53. Calculate j(n).
12
Suppose 5*t - 2*m - 21 = 3, m - 27 = -4*t. Let j = -156 + 158. Let w(s) = -8 + 5*s - 288*s**j + 6 + 287*s**2. Give w(t).
-8
Let r(f) = 2*f**3 + 6*f**2 + 1. Let q be r(-3). Suppose -2*i - 3*t - 10 = q, i = t + 7. Let c(g) = -15*g + 2*g**2 + 1 + 7*g - g**i. Give c(7).
-6
Let g(a) = -2*a + 2. Let z be 36/6*((-4)/(-4) + 0). Suppose i + 140 = 6*i. Suppose -c - z*c = i. Determine g(c).
10
Let y(m) be the second derivative of m**4/12 + m**3/6 + 8*m + 8. Let h(o) = 3*o**2 + 8*o + 11. Let x(q) = -h(q) + 4*y(q). Give x(5).
-6
Let u(n) be the third derivative of -n**4/24 + 7*n**3/6 + 14*n**2. Let f = -17 - -11. Let m(a) = -2*a + 14. Let w(g) = f*m(g) + 11*u(g). Determine w(7).
0
Let p(r) = r + 1. Suppose 3*y - 6 = 3. Suppose 0 = -y*x + 7*x - b - 1, -3 = -b. Suppose -5*i + x - 26 = 0. What is p(i)?
-4
Let p(z) be the third derivative of z**6/120 - z**5/12 + 31*z**4/24 - 40*z**3/3 - 603*z**2 + z. Determine p(3).
-5
Suppose 3*p + 698 = 4*t, t - 9 - 174 = 5*p. Let x(u) = t + 4*u - 188 - 2*u. Let s be x(8). Let o(i) = 12*i**2 - 2*i + 1. What is o(s)?
11
Let t(m) = m**2 + 6*m - 8. Let i(w) = 698*w + 36 - 1401*w + 705*w. Let g be i(-21). Determine t(g).
-8
Let a(y) = -3*y + 2. Let p be a(1). Let v(o) = 141 - 4*o**3 - 44 + 2*o - 56 - 40. What is v(p)?
3
Let j(v) = v**2 - v - 3. Suppose 7*q = 4*q + 24. Let m(y) be the third derivative of y**6/120 - 2*y**5/15 + 4*y**2 - 88. Let c be m(q). What is j(c)?
-3
Let y(s) = -2*s + 13. Suppose -6 = -m - 0*f + f, 2*f + 14 = 3*m. Let p be (10/m + 0)*1. Let r be y(p). Let t(i) = 2*i - 1. Give t(r).
5
Let d(x) = x**2 + 8*x - 3. Let l(c) = -3*c + 80. Suppose -15*a + 13*a = -14. Let s be l(a). Suppose s = -8*t - 5. Calculate d(t).
-3
Let c(y) be the first derivative of -3*y**2/2 + 11*y - 1092. Determine c(4).
-1
Let h(v) be the second derivative of 0 - 4/3*v**3 + 0*v**2 - 1/30*v**5 - 14*v + 5/24*v**4 + 1/360*v**6. Let u(t) be the second derivative of h(t). Give u(5).
10
Let a = 523 - 525. Let n(v) = -v**3 + 7*v**2 + 9*v + 1. Give n(a).
19
Let p(x) = -x**2 - 3*x - 3. Let k(m) = -2*m**2 - 6*m - 7. Let t(g) = -2*k(g) + 5*p(g). Let z = -1910 - -1907. Give t(z).
-1
Let r(y) = -26 - y**3 + 1744*y**2 - 3466*y**2 + 1724*y**2 + 12*y. What is r(4)?
-10
Let d(c) = c**3 + 107*c**2 + 2808*c + 100. Let y be d(-46). Let j(z) = -z. Let r(v) = -10*v + 19. Let s(k) = 6*j(k) - r(k). Determine s(y).
13
Let k(u) be the second derivative of -u**5/20 + u**4/12 - u**3/6 + 6*u**2 - 46*u + 11. Give k(0).
12
Suppose -n - 2*n + 4*x = -97, -3*n + 89 = -2*x. Let b be (-168)/n + 8/36. Let u(i) = -i - 5. What is u(b)?
1
Let u(d) = 23*d**2 - 10*d - 34. Let o(h) = -60*h**2 + 24*h + 84. Let j(r) = 5*o(r) + 13*u(r). Give j(-7).
-1
Let u(a) = -5*a - 125. Let d(q) = -5*q - 130. Let n(m) = 4*d(m) - 3*u(m). Determine n(-32).
15
Let w(k) be the third derivative of -k**4/8 + k**3/6 + k**2 - 3. Suppose -8*x + 144 = 56. Suppose -12*b - 35 = -x. What is w(b)?
7
Suppose 28*s = 14*s + 9*s - 35. Let p(o) = -4*o + 8. Give p(s).
36
Let c(t) = 4*t**3 + t**2 - 7*t + 4. Let r be c(1). Let i(o) be the first derivative of 1/4*o**4 + 0*o**r + 4*o + 22 - 5/3*o**3. What is i(5)?
4
Let q(v) = -2*v. Let r(g) = g. Let j be r(1). Let w be q(j). Let z(d) be the third derivative of d**5/60 + d**4/4 + d**3/2 + 3*d**2 + 465*d. Calculate z(w).
-5
Let w(b) be the third derivative of b**5/60 - b**4/12 - 5*b**3/2 + b**2. Let z = 629559 - 629559. Give w(z).
-15
Let i(f) be the first derivative of -f**4/4 + 47*f**3/3 + f**2/2 - 57*f + 7305. What is i(47)?
-10
Let u be (-225)/(-63) + 2*(-2)/7. Let l(i) = 2*i + u*i + 5*i - 1 - 12*i. Calculate l(-5).
9
Let q(i) = 5*i**2 - 24*i - 2. Let u(p) = 3*p**2 - 14*p - 2. Let x(o) = 4*q(o) - 7*u(o). What is x(4)?
-2
Suppose h = -2*m - 9, -3*m = -2*h - 0*h - 4. Let p(o) be the second derivative of -5 - 1/2*o**3 + 2*o - 3/2*o**2 - 1/4*o**4. What is p(m)?
-9
Let b be (20/75*-3)/((-7)/875). Let g = b - 91. Let f(l) = -2*l - 7. Determine f(g).
-25
Let f(y) = -y**3 + 8*y**2 - 8*y - 2. Suppose 14*u - 1072 = 48. Suppose -u - 88 = -24*d. Calculate f(d).
-9
Suppose -32 = 8*w - 48. Let j = 3 + 1. Let p(v) = 5 + v + j - 8 - w*v. Determine p(0).
1
Let k(b) = b**2 + 3*b - 22. Suppose -958 = -78*u - 1348. Determine k(u).
-12
Let h(p) = p**3 - 84*p**2 - 4*p**3 + 39*p - 29*p + 101*p**2 - 9 + 0*p**3. Determine h(6).
15
Let c(s) = s**3 - 5*s**2 + s + 3. Let m(q) = -6*q**2 - 36*q + 6. Let d be m(5). Let z = -319 - d. Determine c(z).
8
Let b be ((-300)/(-9))/(8/12). Let d = -47 + b. Let k(j) = -d*j**2 + 2*j**2 - 7 + j + 7*j. Determine k(7).
0
Let s(z) be the second derivative of -1/20*z**5 + 0 + z**2 + 135*z + 0*z**3 - 1/3*z**4. Suppose 0*o = 3*o + 3, -x - 5*o = 9. What is s(x)?
2
Let t(q) be the first derivative of -3*q**2 + 12*q - 260. Let s(r) = -r - 1. Let n(w) = -5*s(w) + t(w). Calculate n(8).
9
Let m(j) be the first derivative of -j**2 - 4*j - 1101. What is m(8)?
-20
Let q(v) = -v**3 - v - 28*v**2 - 25*v**2 - 5 + 38*v**2 + 23*v**2. Give q(5).
65
Let a(v) = 5*v + 7. Let l(h) = 4 - 6 - 16 + 125*h - 124*h. Let q be l(11). Give a(q).
-28
Let d(t) = -t**2 - 6*t + 8. Let r(k) = 3*k + 84. Let w be r(-27). Suppose -w*o + o + 9 = -v, -24 = 3*v - 3*o. What is d(v)?
1
Let l(j) = -j**2 + 2215*j + 2221*j - 4454*j + 3*j**2 - 33. Give l(10).
-13
Suppose 4*f + 230 = d + 4*d, -195 = -5*d - 3*f. Suppose -d = m - 8. Let l be (m/12 - (-2)/(-3))*-2. Let v(s) = -s**2 + 7*s + 3. Determine v(l).
3
Let b(u) be the third derivative of -3*u**4/4 - 17*u**3 - 2*u**2 + 286. Determine b(-6).
6
Let o(c) = c**2 + 2*c + 3. Let u be o(0). Let n be (-1 + u + 0)*(12 - 11). Let q(i) = -3*i**3 + i**2 - 4*i + 3. Give q(n).
-25
Let f(j) = 28*j + 75. Let y(v) = -425*v + 5097. Let z be y(12). Determine f(z).
-9
Let t(r) be the second derivative of -5*r**3/6 - 32*r**2 - 390*r. Give t(-12).
-4
Let l(w) = 0*w - 14*w - 16*w + 17*w + 72 + w**2 - 6*w. Determine l(13).
-6
Let s(q) = -4*q**2 + 5*q - 6. Suppose 9 = 15*u - 29 - 22. Give s(u).
-50
Let u be 2/((-2)/(7*(-12)/(-84))). Let j(m) = 51*m + 32. Determine j(u).
-19
Let s(r) = -41*r - 1439. Let u be s(-35). Let t(m) = m**3 + 6*m**2 + 10*m + 1. Calculate t(u).
-7
Let f(n) be the first derivative of 3*n + 1/2*n**2 + 2*n**3 + 48 - 1/4*n**4. Calculate f(6).
9
Let g(w) = -9*w - 5. Suppose -10 = 2*u, 83*u = -5*a + 81*u - 40. What is g(a)?
49
Let s(m) = m + 2. Let r(x) = 7*x + 10. Suppose -16 = 2*f - 4*i, 5*f = 13*i - 15*i - 4. Let l be r(f). Give s(l).
-2
Let n = -212 + 82. Let h be n/(-25) - (-3)/(-15). Let w(t) = 2*t + 2. What is w(h)?
12
Let p = 761 - 768. Let d be (-75)/10*p/((-42)/4). Let f(q) = 0*q - 2 + q**2 + 3 + 7*q. What is f(d)?
-9
Let m(l) be the third derivative of l**4/8 - 17*l**3/6 + l**2. Suppose -6144 = 1871*w - 2639*w. Calculate m(w).
7
Let n(z) = -z**2 + 7*z - 5. Let i(w) be the first derivative of w**3/3 - 4*w**2 + 14*w - 135. Let o be (-6)/2 - (-4 - 6). Let r be i(o). Determine n(r).
-5
Let x(w) = -4*w - 29. Let p = 1751 + -1759. What is x(p)?
3
Let n be (145 + -146)*-1*121. Let m(l) = 2*l**2 + 1. Let u be m(-1). Let t(w) = 4 + w + 120*w**3 + 0*w - n*w**u + 3*w**2. What is t(3)?
7
Let v(s) be the first derivative of s**2/2 + 20*s - 5214. Give v(3).
23
Let y(l) be the first derivative of -l**4/4 + 8*l**3/3 - 7*l**2 + 7944. What is y(5)?
5
Let r(u) = 2*u + 1. Suppose 7*s + 16 = -68. Let x be (s/2 + 2)*(-434)/(-28). Let z = -65 - x. What is r(z)?
-5
Suppose -u - 3 = -2*o + 3*o, 0 = u - 4*o + 8. Let p(c) = -115*c**2 + c - 7. Let s(r) = 574*r**2 - 6*r + 41. Let n(v) = 5*p(v) + s(v). Give n(u).
-6
Let l(t) = -8*t + 7. Let s(a) = -27*a - 5. Let g be s(-1). Suppose 3*c - w - g = 0, -10*c = -12*c - 5*w - 8. What is l(c)?
-41
Let r(v) = v**3 - 4*v**2 - 7*v - 7. Let k be r(0). Let a be (4 + -7)/((-6)/4). Let y(d) = 9*d**3 - 8*d**3 - 3 + 7*d**a + 5. Calculate y(k).
2
Let v(a) = a - 3. Suppose 5*t - 51 = 29. Let y be -9 - (-42)/(4 - 1). Suppose 8*u + y*r + 13 = 4*u, 2*u = 2*r + t. Determine v(u).
0
Suppose 0 = 4*o + 12, 11 = -h + 6*h + 8*o. Let q(j) = 